rs of v(-3)?
7
Let g(t) = t**3 - t**2 + t + 1. Suppose 43 = 6*v + 13. Suppose j = -v*r + 28, 0*j = -4*j + 5*r - 13. What are the prime factors of g(j)?
2, 11
Let u(r) = r**2 + 3*r - 5. Let g be u(-5). Let p be ((-10)/5)/(3 - 4). Suppose -4*h = g*t - 0*t - 115, -125 = -5*t - p*h. What are the prime factors of t?
3
Let x(s) = -s**3 + 12*s**2 + s - 8. Let n be x(12). Suppose -m = 3*m - n*g - 352, -5*g + 400 = 5*m. List the prime factors of m.
2, 3, 7
Suppose 4*w + 4 = 0, 22 + 0 = 5*t + 3*w. Let n(j) = j. Let m(p) = 2*p. Let b(y) = -m(y) + 5*n(y). List the prime factors of b(t).
3, 5
Let w = 72 - -20. What are the prime factors of w?
2, 23
Suppose 85 = -5*r - 4*f + 30, 4*f = 20. What are the prime factors of (-1675)/r + -4 - 2/(-6)?
2, 3
Let p be -3*(-12)/54*(1 - -2). Suppose 5*q - 65 = -15. Suppose o - 51 = -p*m, -o + q = m - 18. What are the prime factors of m?
23
Let b = 2180 - 817. What are the prime factors of b?
29, 47
Let o = -1019 + 1710. What are the prime factors of o?
691
Let f(b) = -2*b - 59. Let m be f(-31). Suppose -3*u = 4*n - 935, -4*u + u + 963 = -m*n. List the prime factors of u.
317
Let h(b) be the second derivative of 7*b**4/24 - b**3/3 - 3*b**2/2 - 3*b. Let j(r) be the first derivative of h(r). List the prime factors of j(2).
2, 3
Let v(z) = 53*z**3 - 4*z**2 - 20*z + 72. List the prime factors of v(3).
3, 7, 67
Suppose -3*l - 4*p - 723 = 0, -521 = 4*l + p + 456. What are the prime factors of (-15)/(-6) - 2 - l/10?
5
Suppose -2*g + 46 = 5*o, 0 = 2*g + o + 3*o - 48. Let s = 39 - g. List the prime factors of s.
11
Let i(m) = m**3 - 9*m**2 + 13*m - 10. Suppose -2 = -3*d - 5*o, -d + 3*o - 3 + 27 = 0. What are the prime factors of i(d)?
107
Let h = 198 + -93. Suppose 0 = 3*w - 18 - h. Suppose k + 15 + 5 = p, k = 2*p - w. What are the prime factors of p?
3, 7
Let z(m) = 29*m**2 - 1. Let u(o) = 117*o**2 - o - 5. Let c(j) = 2*u(j) - 9*z(j). Let w be c(-2). What are the prime factors of w/(-9)*(3 - 0)?
5, 7
Suppose 0 + 4 = 2*w + 2*m, -3*m = 4*w - 3. Suppose 0 = 4*b - 10 - 2. List the prime factors of w - (b + 11)*-2.
5
Let d(a) = 3*a. Let n be d(-3). Let l be n/6*(-7 + 3). Suppose l*k + 68 - 476 = 0. What are the prime factors of k?
2, 17
Let o be 2/(-6)*(0 + -15). Suppose f + 18 = o*z + 4, 3*z = -5*f - 154. What are the prime factors of (-3)/((-26)/f - 1)?
29
What are the prime factors of (561 - 15) + (-1 - 0)?
5, 109
Let z = -889 + 2062. What are the prime factors of z?
3, 17, 23
Let w(l) = -l**2 + 9*l - 9. Let k be w(8). Let j(u) be the third derivative of -u**6/10 - u**5/60 - u**4/24 - u**3/6 - u**2. List the prime factors of j(k).
11
Let y(g) = g**3 + 12*g**2 - 17*g - 18. Let z be -4*(-4)/16*-13. List the prime factors of y(z).
2, 17
Let y(h) be the first derivative of -17*h**2/2 - 45*h - 22. List the prime factors of y(-10).
5
What are the prime factors of (-17662)/(-18) - 8/36?
3, 109
Suppose 3*w + 286 = 691. Let g be 29 + -35 + 136/(-2). Let r = g + w. List the prime factors of r.
61
Let c(v) = v**2 + 18*v - 29. Let p be c(-19). Let d = 107 - p. List the prime factors of d.
3, 13
Let b be -2*2*(-4 + (-44)/(-16)). Suppose -6*a = 2*t - a - 326, -672 = -4*t - b*a. List the prime factors of t.
173
Let c(d) = d**2 - 2*d. Let k be c(7). Suppose -7*o = -2*o + k. Let h(a) = a**2 + 4*a - 8. List the prime factors of h(o).
13
Suppose -12*z = -45*z + 5181. What are the prime factors of z?
157
Let d = -19 - -19. Suppose 273 = 2*o + 2*c + 49, d = 2*c + 10. List the prime factors of o.
3, 13
Let v(r) = r**3 - 10*r**2 - 11*r + 7. Let z be (-280)/(-25) - 2/10. What are the prime factors of v(z)?
7
Suppose 3*i = 0, -5*j = -2*i - 5 - 20. Suppose -2*w - j*h = -69, 173 = 5*w + 2*h - 10. What are the prime factors of w?
37
Let h(p) = -p + 7. Let v(c) = -c**3 - c**2 + c - 30. Let n be v(0). Let i = n + 19. List the prime factors of h(i).
2, 3
Suppose 42*n - 214 = 41*n. What are the prime factors of n?
2, 107
List the prime factors of (-4)/(-50) + (-234136)/(-175).
2, 3, 223
Let l(s) = -2*s**3 - 22*s**2 - 30*s + 30. Let i(f) = -f**3 - 11*f**2 - 15*f + 15. Let k(z) = 5*i(z) - 3*l(z). List the prime factors of k(-7).
2, 19
Let g be (17 - 14) + (0 - 0). Suppose -g*b + 74 = -76. List the prime factors of b.
2, 5
Suppose -22*w = -27*w + 30. Let c(t) = 21*t + 9. What are the prime factors of c(w)?
3, 5
Let a = -53 - -68. Suppose c + a*c = 3168. What are the prime factors of c?
2, 3, 11
List the prime factors of (111/(-18) - -6) + (-13046)/(-12).
1087
Let v(j) = 3*j**3 - 16*j**2 + j + 9. What are the prime factors of v(9)?
3, 101
What are the prime factors of 2 + 0 - (-2)/((-4)/(-866))?
3, 5, 29
Let z = 68 - -151. Suppose 0 = 13*q - 14*q + z. What are the prime factors of q?
3, 73
Let d = 133 - -188. List the prime factors of d.
3, 107
Suppose n - 2*k - 64 - 1 = 0, -2*n - 3*k = -109. Suppose 5*w - 294 = -n. List the prime factors of w.
47
Let h be ((-8)/4)/((-2)/4). Suppose -3*s + 2*z = -s - 104, -5*s + h*z + 255 = 0. Suppose -2*n + 31 = -s. What are the prime factors of n?
3, 13
Let d(f) = -75*f - 1. Let c be d(-1). Suppose -73*z - 3 = -c*z. Suppose -7*w + z*w = -160. What are the prime factors of w?
2, 5
Let d(q) = 15*q - 15. Let m be d(3). Suppose -s + 78 = -m. What are the prime factors of s?
2, 3
Let k = 115 + -223. Let x = -76 - k. What are the prime factors of x?
2
Suppose 0 = w + 4*w - 660. What are the prime factors of w?
2, 3, 11
Suppose -5*s + 687 = -1163. List the prime factors of s.
2, 5, 37
Let p(f) = 5*f - 7*f + 6*f - 3*f. Let l be p(-3). List the prime factors of -2 - l - (4 - 12).
3
Suppose 0 = -6*r + 10*r + 24. What are the prime factors of r/(-18) + (-380)/(-3)?
127
Let f(r) be the first derivative of 2*r**2 - 21*r + 11. What are the prime factors of f(6)?
3
Let s = -120 + 123. List the prime factors of 22/(-33)*(s + 78/(-2)).
2, 3
Suppose -d = -2*c - 2014, 0 = -0*d + 3*d + c - 6035. List the prime factors of 16/(-10) + 2 + d/20.
101
Let q = -17 - -20. Let b(r) = r**3 + r**2 - 3*r + 1. List the prime factors of b(q).
2, 7
Let y be (1050/((-4)/(-2)))/((-1)/(-3)). Suppose -10*v = 5*v - y. List the prime factors of v.
3, 5, 7
Let g(h) = -17*h**2 - 1 + 5*h + 6*h**2 + 9*h**2 - h**2 + h**3. Let q be (-1 + 3)/((-1)/(-2)). What are the prime factors of g(q)?
5, 7
Let b be (6 - 2) + (-4)/(-1). Suppose b*n - 9*n + 53 = 4*s, -5*s = 2*n - 103. What are the prime factors of n?
7
Let p = 265 - 81. List the prime factors of p.
2, 23
Let a be 0 - 5 - 0/(-5). What are the prime factors of (2/5)/(a/(-950))?
2, 19
Let q(v) = -v - 7. Let a be q(-5). Let d be (-300)/(-125)*-30*(-3)/(-4). Let c = a - d. List the prime factors of c.
2, 13
Suppose 65 = -5*k + 665. What are the prime factors of k?
2, 3, 5
Suppose 5*w = 5*q - 2700, -1271 = -3*q + 5*w + 345. List the prime factors of q.
2, 271
Let y = 5 + -8. Let f(h) = 0*h - h**2 + 6*h - 8*h + 5. What are the prime factors of f(y)?
2
Let s be 6/14 + 28899/91. Suppose 4*c - 271 - s = -5*h, -2*c = 2*h - 236. What are the prime factors of h?
3, 13
Suppose -8*w + 395 = -1325. List the prime factors of w.
5, 43
Suppose -3*g = -2*h - 10665, -523*g - 10665 = -526*g - h. What are the prime factors of g?
3, 5, 79
Let v(f) = 80*f - 41. List the prime factors of v(52).
3, 1373
Let f = -22 + 141. What are the prime factors of f?
7, 17
Let a(k) = -4*k**3 - 8*k**2 - 44*k - 7. List the prime factors of a(-8).
3, 11, 19
Suppose -5*t + 12 = -t. Suppose 0 = 5*u - w - w + 12, -t*u = w + 5. Let g = 12 + u. List the prime factors of g.
2, 5
Suppose -q + 5*q - 137 = 5*h, -4*h = -4*q + 136. What are the prime factors of q?
3, 11
Suppose 6 = 49*g - 46*g. Suppose -3*l = -g*l - 45. List the prime factors of l.
3, 5
Let p(z) = -1 - 1 + 2*z - z**2 + 2*z**2 + 1. Let s be (14/3)/(8/12). List the prime factors of p(s).
2, 31
Let y = -2044 + 3213. What are the prime factors of y?
7, 167
Suppose h = 5*j - 1, 5*h - 5*j - 35 = -0. Suppose 1146 = h*m - 1473. List the prime factors of m.
3, 97
Suppose 2*a = -4*w - 2, -5*w + 1 = a - w. Suppose -c = -7 - 3. Let s = c + a. List the prime factors of s.
7
Let m be (3 - 13)*4/(-10). Suppose 6 = -m*z - 2*t + 2, -6 = 3*t. Suppose -3*f - 14 + 68 = z. List the prime factors of f.
2, 3
Let v = -27 + 36. List the prime factors of ((-46)/(-6))/(3/v).
23
Let k(x) = -x**3 - 5*x**2 - 2*x - 2. Let p be k(-5). Sup